0
Convert -62 (base 7) to base 15.
-2e
Convert 3 (base 4) to base 15.
3
-1 (base 16) to base 11
-1
Convert 0 (base 2) to base 4.
0
Convert 52 (base 8) to base 15.
2c
Convert a (base 16) to base 10.
10
70 (base 14) to base 9
118
What is -1 (base 5) in base 12?
-1
Convert 1a (base 13) to base 16.
17
4 (base 13) to base 16
4
What is -11 (base 2) in base 13?
-3
Convert -3 (base 10) to base 12.
-3
Convert -32 (base 8) to base 3.
-222
What is -344 (base 5) in base 7?
-201
Convert -5a (base 12) to base 8.
-106
55 (base 11) to base 15
40
What is 4 (base 7) in base 16?
4
What is 12 (base 4) in base 16?
6
What is 122 (base 6) in base 12?
42
What is 2 (base 8) in base 11?
2
Convert -10 (base 2) to base 13.
-2
Convert -4 (base 16) to base 7.
-4
2 (base 11) to base 7
2
1 (base 10) to base 3
1
Convert 2f (base 16) to base 2.
101111
5 (base 9) to base 5
10
What is -47 (base 8) in base 5?
-124
What is 110 (base 3) in base 10?
12
-22 (base 10) to base 7
-31
What is -10 (base 4) in base 9?
-4
-1121 (base 4) to base 13
-6b
63 (base 10) to base 8
77
Convert -48 (base 15) to base 10.
-68
What is 100 (base 2) in base 9?
4
Convert 45 (base 6) to base 7.
41
-1 (base 15) to base 3
-1
What is -a (base 16) in base 8?
-12
-1 (base 12) to base 3
-1
26 (base 8) to base 2
10110
What is -25 (base 8) in base 5?
-41
What is -34 (base 13) in base 14?
-31
What is -3 (base 13) in base 16?
-3
2 (base 4) to base 12
2
Convert -2 (base 6) to base 16.
-2
Convert -10 (base 5) to base 12.
-5
Convert -2 (base 16) to base 15.
-2
What is -11e (base 16) in base 2?
-100011110
12 (base 3) to base 16
5
What is -1 (base 7) in base 11?
-1
What is -10 (base 7) in base 5?
-12
Convert 2 (base 3) to base 4.
2
7 (base 16) to base 15
7
Convert 6 (base 15) to base 10.
6
-111001 (base 2) to base 9
-63
Convert -a (base 12) to base 8.
-12
-38 (base 11) to base 7
-56
Convert -7a (base 13) to base 11.
-92
What is -8 (base 13) in base 4?
-20
31 (base 6) to base 13
16
What is 1 (base 9) in base 11?
1
Convert b (base 16) to base 14.
b
-27 (base 8) to base 4
-113
-4 (base 14) to base 2
-100
Convert -1 (base 15) to base 6.
-1
Convert -4 (base 12) to base 4.
-10
Convert -93 (base 14) to base 8.
-201
-21 (base 16) to base 9
-36
Convert -2 (base 4) to base 11.
-2
2 (base 4) to base 3
2
What is a (base 11) in base 12?
a
Convert 22 (base 3) to base 16.
8
15 (base 8) to base 7
16
What is 1 (base 4) in base 14?
1
22 (base 4) to base 12
a
Convert -7 (base 11) to base 15.
-7
Convert 67 (base 13) to base 14.
61
Convert 133 (base 4) to base 15.
21
Convert 61 (base 13) to base 15.
54
What is 35 (base 10) in base 11?
32
What is 10a (base 16) in base 3?
100212
Convert 17 (base 14) to base 5.
41
Convert 1 (base 5) to base 12.
1
-46 (base 15) to base 7
-123
What is -21 (base 12) in base 6?
-41
What is 10 (base 4) in base 13?
4
Convert -101 (base 2) to base 11.
-5
Convert -6 (base 11) to base 6.
-10
32 (base 7) to base 14
19
-123 (base 6) to base 14
-39
What is -2 (base 11) in base 13?
-2
What is -10010 (base 2) in base 15?
-13
174 (base 13) to base 16
108
-22 (base 12) to base 15
-1b
Convert 30 (base 5) to base 2.
1111
Convert 30 (base 7) to base 16.
15
What is 2 (base 7) in base 9?
2
Convert -2200 (base 4) to base 10.
-160
What is 1 (base 16) in base 12?
1
Convert 61 (base 15) to base 16.
5b
Convert -1010 (base 2) to base 12.
-a
Convert -2002 (base 4) to base 5.
-1010
22 (base 15) to base 2
100000
Convert 2 (base 16) to base 8.
2
Convert -10 (base 4) to base 15.
-4
What is -7 (base 10) in base 15?
-7
What is -314 (base 7) in base 14?
-b4
9 (base 16) to base 7
12
What is 11 (base 12) in base 4?
31
What is a (base 16) in base 9?
11
Convert 17 (base 8) to base 9.
16
Convert a5 (base 11) to base 12.
97
What is -8 (base 14) in base 5?
-13
Convert 2 (base 11) to base 4.
2
What is -90 (base 11) in base 16?
-63
-d (base 14) to base 16
-d
What is 2 (base 10) in base 2?
10
Convert 4 (base 6) to base 9.
4
40 (base 11) to base 8
54
Convert 1 (base 14) to base 10.
1
What is -100111010 (base 2) in base 13?
-1b2
Convert 59 (base 13) to base 10.
74
Convert 1 (base 5) to base 13.
1
31 (base 7) to base 13
19
-111 (base 2) to base 10
-7
Convert 175 (base 11) to base 13.
128
-2a (base 13) to base 5
-121
Convert -121 (base 3) to base 13.
-13
b8 (base 14) to base 13
c6
What is 1032 (base 5) in base 11?
11a
What is 39 (base 15) in base 14?
3c
What is 100 (base 2) in base 11?
4
Convert 8 (base 12) to base 9.
8
What is -47 (base 13) in base 6?
-135
Convert -11 (base 12) to base 2.
-1101
1 (base 8) to base 4
1
-82 (base 15) to base 12
-a2
What is 40 (base 5) in base 3?
202
Convert -3 (base 14) to base 10.
-3
Convert 1b (base 13) to base 15.
19
What is -2 (base 5) in base 8?
-2
Convert -1010111 (base 2) to base 9.
-106
Convert 442 (base 5) to base 11.
101
What is -9 (base 12) in base 3?
-100
-1 (base 14) to base 6
-1
Convert 113 (base 6) to base 2.
101101
What is 21 (base 3) in base 13?
7
What is 13 (base 4) in base 14?
7
Convert 0 (base 7) to base 11.
0
143 (base 7) to base 8
120
What is -54 (base 7) in base 11?
-36
What is 3 (base 9) in base 4?
3
What is -168 (base 10) in base 4?
-2220
-1011100 (base 2) to base 13
-71
2 (base 7) to base 16
2
What is 254 (base 9) in base 12?
157
What is -19 (base 10) in base 8?
-23
What is 0 (base 15) in base 10?
0
What is 14 (base 14) in base 2?
10010
Convert -151 (base 7) to base 4.
-1111
82 (base 9) to base 7
134
Convert -564 (base 7) to base 16.
-123
24 (base 6) to base 12
14
1 (base 2) to base 8
1
14 (base 12) to base 8
20
1011 (base 2) to base 12
b
What is 5 (base 11) in base 14?
5
Convert -122 (base 3) to base 8.
-21
What is b (base 14) in base 6?
15
-7b (base 14) to base 9
-131
17 (base 10) to base 13
14
What is 80 (base 12) in base 2?
1100000
What is -102 (base 9) in base 15?
-58
114 (base 7) to base 14
44
Convert 1 (base 8) to base 10.
1
Convert -4 (base 8) to base 16.
-4
Convert 12 (base 10) to base 6.
20
332 (base 4) to base 6
142
Convert -2 (base 14) to base 10.
-2
Convert -5 (base 15) to base 8.
-5
Convert 11 (base 8) to base 9.
10
Convert 1011 (base 2) to base 6.
15
What is -1 (base 13) in base 12?
-1
Convert -1 (base 10) to base 11.
-1
-5 (base 10) to base 12
-5
Convert -4a (base 11) to base 10.
-54
35 (base 13) to base 2
101100
Convert 635 (base 7) to base 10.
320
Convert -1 (base 8) to base 7.
-1
Convert -b (base 16) to base 10.
-11
What is -8 (base 12) in base 3?
-22
What is -12 (base 10) in base 2?
-1100
133 (base 5) to base 2
101011
What is 3 (base 10) in base 7?
3
-3 (base 13) to base 3
-10
Convert -30 (base 5) to base 15.
-10
Convert 5 (base 13) to base 3.
12
What is -2 (base 11) in base 6?
-2
What is -422 (base 7) in base 3?
-21212
Convert 1 (base 10) to base 6.
1
What is -4 (base 12) in base 14?
-4
Convert 1032 (base 4) to base 6.
210
Convert -8 (base 13) to base 12.
-8
-9 (base 14) to base 3
-100
Convert 52 (base 14) to base 16.
48
110 (base 6) to base 15
2c
What is -1214 (base 5) in base 3?
-20211
-2 (base 16) to base 4
-2
Convert -12102 (base 3) to base 10.
-146
Convert 10221 (base 3) to base 9.
127
What is -1 (base 11) in base 12?
-1
-20022 (base 3) to base 4
-2222
21 (base 9) to base 6
31
Convert -4 (base 14) to base 16.
-4
Convert -20200 (base 3) to base 6.
-500
Convert -111 (base 3) to base 8.
-15
What is 197 (base 13) in base 11?
247
What is 31 (base 8) in base 2?
11001
Convert 100 (base 3) to base 15.
9
-5 (base 9) to base 16
-5
-7 (base 10) to base 15
-7
Convert -44 (base 11) to base 13.
-39
Convert -2 (base 10) to base 12.
-2
What is -25 (base 6) in base 14?
-13
What is -31 (base 10) in base 11?
-29
9 (base 15) to base 3
100
6 (base 7) to base 16
6
Convert -110 (base 5) to base 13.
-24
Convert 0 (base 16) to base 15.
0
Convert -1 (base 8) to base 16.
-1
What is -76 (base 10) in base 14?
-56
-5 (base 6) to base 11
-5
What is -25 (base 12) in base 13?
-23
-12 (base 12) to base 11
-13
Convert -561 (base 7) to base 4.
-10200
What is -3101 (base 4) in base 2?
-11010001
Convert 6 (base 10) to base 12.
6
Convert 3 (base 11) to base 8.
3
43 (base 14) to base 3
2012
Convert -310 (base 5) to base 7.
-143
-3 (base 15) to base 14
-3
1 (base 14) to base 11
1
26 (base 10) to base 14
1c
What is 24 (base 12) in base 14?
20
Convert 8 (base 10) to base 12.
8
0 (base 14) to base 3
0
444 (base 8) t